46
Calculate the highest common divisor of 5975 and 575.
25
Calculate the highest common divisor of 456 and 1017906.
114
Calculate the greatest common factor of 872 and 45017.
109
What is the highest common divisor of 57870 and 6?
6
What is the highest common factor of 2236312 and 104?
104
What is the greatest common divisor of 5066 and 18476?
298
What is the highest common factor of 108424 and 8?
8
Calculate the highest common divisor of 28 and 4652.
4
Calculate the greatest common factor of 65016 and 168.
168
What is the highest common divisor of 63455 and 185?
185
What is the highest common divisor of 298625 and 2975?
25
What is the greatest common factor of 11 and 2606912?
11
Calculate the highest common divisor of 77175 and 9225.
225
Calculate the highest common divisor of 266 and 145616.
38
What is the greatest common factor of 1268135 and 55?
55
What is the greatest common factor of 54 and 822501?
27
What is the greatest common factor of 93 and 177971?
31
What is the greatest common factor of 188271 and 734?
367
Calculate the highest common divisor of 210889 and 329.
329
Calculate the greatest common factor of 23495 and 508.
127
What is the greatest common factor of 919521 and 1917?
639
Calculate the greatest common factor of 20172 and 15252.
492
What is the greatest common divisor of 8992 and 25009?
281
Calculate the highest common factor of 1395 and 3565.
155
What is the highest common factor of 1158 and 3244137?
579
What is the greatest common divisor of 22452 and 78?
6
Calculate the highest common factor of 20695 and 115.
5
Calculate the greatest common divisor of 131 and 2127833.
131
What is the greatest common factor of 4 and 6683132?
4
What is the highest common divisor of 60 and 16554?
6
What is the highest common divisor of 567296 and 208?
16
What is the greatest common factor of 619 and 7814875?
619
What is the greatest common divisor of 884333 and 603?
67
Calculate the highest common factor of 25845 and 15.
15
Calculate the highest common factor of 2644 and 36.
4
What is the highest common factor of 144 and 11484216?
72
What is the greatest common factor of 30 and 153654?
6
Calculate the greatest common divisor of 1220 and 6880.
20
Calculate the highest common factor of 7295 and 40.
5
Calculate the highest common divisor of 33116 and 2176.
68
Calculate the highest common factor of 6270 and 637032.
1254
Calculate the highest common factor of 429 and 29718.
39
Calculate the highest common factor of 103 and 3705013.
103
Calculate the greatest common factor of 1637445 and 2076.
519
What is the greatest common factor of 33511704 and 2581?
2581
What is the greatest common divisor of 1430363 and 187?
187
What is the highest common divisor of 14 and 1153593?
7
Calculate the greatest common factor of 141627 and 51.
51
Calculate the greatest common factor of 6 and 535422.
6
What is the greatest common factor of 215 and 64758?
43
Calculate the greatest common factor of 2090 and 10336.
38
Calculate the highest common factor of 39078 and 6786.
234
What is the highest common divisor of 72795 and 1725?
345
What is the greatest common factor of 1324 and 4036?
4
Calculate the highest common factor of 290 and 6310.
10
What is the highest common divisor of 195 and 14370?
15
Calculate the greatest common factor of 65 and 1260415.
65
What is the highest common divisor of 128 and 298688?
64
Calculate the greatest common divisor of 221 and 2486692.
221
Calculate the greatest common divisor of 184 and 8152.
8
What is the highest common factor of 891 and 1196019?
297
What is the highest common divisor of 69 and 31786?
23
Calculate the highest common factor of 39 and 2577471.
39
What is the highest common factor of 2926 and 722?
38
What is the highest common factor of 875 and 88830?
35
Calculate the highest common factor of 41 and 27019.
41
Calculate the highest common divisor of 206 and 14234.
2
Calculate the highest common divisor of 4675 and 125.
25
Calculate the highest common divisor of 114 and 4863202.
38
What is the greatest common factor of 342 and 836190?
342
Calculate the highest common divisor of 44720 and 494.
26
What is the greatest common factor of 176 and 18172?
44
Calculate the highest common factor of 420072 and 7176.
552
Calculate the highest common factor of 15 and 288.
3
What is the greatest common divisor of 801662 and 427?
61
Calculate the highest common factor of 699 and 660089.
233
Calculate the greatest common factor of 2611917 and 2079.
693
What is the highest common divisor of 48 and 33616?
16
What is the greatest common divisor of 10516 and 417772?
956
What is the highest common factor of 946 and 31992?
86
What is the highest common factor of 12027 and 171?
57
Calculate the greatest common divisor of 46 and 179722.
46
What is the greatest common divisor of 782 and 7145134?
782
Calculate the highest common divisor of 24 and 3055032.
24
What is the highest common factor of 263169 and 459?
27
What is the greatest common factor of 756168 and 588?
588
Calculate the greatest common factor of 4304 and 10096.
16
Calculate the highest common divisor of 10 and 565.
5
What is the greatest common divisor of 1025766 and 14994?
882
What is the highest common divisor of 452278 and 808?
202
Calculate the greatest common divisor of 66066 and 968.
242
Calculate the greatest common divisor of 192970 and 70.
10
Calculate the highest common divisor of 250 and 1261300.
50
What is the highest common factor of 562 and 227329?
281
Calculate the highest common factor of 44940 and 420.
420
Calculate the greatest common factor of 5861448 and 72.
72
Calculate the highest common divisor of 114109 and 106.
53
Calculate the highest common divisor of 567 and 19257.
21
What is the highest common factor of 112 and 101136?
112
Calculate the highest common divisor of 840686 and 29150.
1166
What is the highest common factor of 946 and 8?
2
Calculate the greatest common factor of 19352 and 1927.
41
Calculate the greatest common divisor of 316520 and 760.
40
What is the greatest common factor of 135005 and 260?
65
Calculate the highest common factor of 4556013 and 1141.
1141
Calculate the highest common factor of 14036 and 5324.
484
What is the highest common factor of 309 and 564749?
103
What is the greatest common factor of 40335 and 915?
15
Calculate the highest common factor of 123 and 697.
41
Calculate the highest common divisor of 56214 and 2646.
54
Calculate the greatest common factor of 810 and 154390.
10
Calculate the greatest common factor of 24336 and 54.
18
What is the highest common divisor of 242 and 1089968?
242
What is the greatest common divisor of 74624 and 4928?
704
Calculate the highest common divisor of 209 and 23786290.
209
What is the greatest common divisor of 199 and 16?
1
What is the highest common factor of 2628 and 810519?
219
Calculate the greatest common divisor of 8337136 and 74.
74
What is the greatest common factor of 2313589 and 1546?
773
What is the highest common divisor of 8222 and 34?
2
What is the greatest common factor of 6670 and 25070?
230
Calculate the highest common factor of 209747 and 548.
137
What is the greatest common divisor of 420 and 341640?
60
What is the highest common factor of 3528290 and 470?
470
Calculate the greatest common divisor of 174 and 144246.
174
Calculate the greatest common factor of 5 and 10135.
5
Calculate the greatest common divisor of 23898 and 28.
14
Calculate the highest common factor of 601716 and 123.
123
What is the greatest common factor of 9017 and 635?
127
Calculate the greatest common factor of 241 and 595993.
241
What is the highest common divisor of 11313 and 216?
27
Calculate the greatest common factor of 9 and 197559.
9
What is the highest common factor of 35988 and 24?
12
Calculate the highest common divisor of 12482106 and 273.
273
What is the highest common divisor of 263294 and 188?
94
What is the highest common factor of 3878 and 28?
14
Calculate the highest common factor of 34980 and 2260.
20
What is the greatest common divisor of 3854919 and 222?
111
Calculate the highest common divisor of 408 and 1039686.
102
What is the highest common factor of 2064132 and 7?
7
Calculate the highest common divisor of 44 and 65980.
4
What is the highest common factor of 10 and 11013